of i?
3
Let z be 1 + 0 - 10/(-5). Let t be 8*(z - (-11)/(-4)). Suppose -3*d - 3*o - 2*o + 17 = 0, t*d = -o + 9. What is the units digit of d?
4
Let n(f) = 16*f**3 - 4*f**2 - 2*f + 9. Suppose -4*y + 10 = w - 2, -y + 3*w = 10. What is the units digit of n(y)?
7
Let m(o) = 146*o + 1. Let t be m(1). Let i be t/6*-2 + 1. What is the units digit of 1/(((-2)/i)/1)?
4
What is the units digit of (0 - (-4)/6) + (-26390)/(-42)?
9
Let r(p) = 4*p**2 - 5*p - 9. Let v be r(-4). Let o = -31 + v. What is the units digit of o?
4
Suppose -30 = -10*o - 210. Let n = o - -151. What is the hundreds digit of n?
1
Let n(p) = 4*p**3 + p**2 - 2*p - 1. Let g be n(-2). Let r = 37 + g. Suppose 0 = 4*b - 2*b - r. What is the units digit of b?
6
Let w be 56/(-12) + (-2)/(-3). Let s be 2/4 + 26/w. What is the units digit of 15 - (-3)/s*2?
4
Suppose 0 = -4*u - u + 45. Let q(d) = -d**3 + 10*d**2 - 8*d - 7. Let z be q(u). Suppose 3*b = -z*b + 175. What is the units digit of b?
5
Suppose 12 = q + 7. Suppose 2*z - 134 = -2*y, -5*y = q*z - 3*y - 335. What is the tens digit of z?
6
Suppose 0 = -5*f + f - 16. Let y be 75/10 - (-2)/f. Suppose -10*w + y*w = -6. What is the units digit of w?
2
Suppose -4*d = 57 - 4441. What is the units digit of d?
6
Let d = 482 + 118. What is the tens digit of d?
0
Let k(c) = c**3 + 4*c**2 - 5*c - 1. Let o be (-10)/3*(-24)/(-20). Let q be k(o). Let s = 38 - q. What is the tens digit of s?
1
Suppose -r = 3*r - 8. What is the tens digit of (-295)/(-5) + r*-2?
5
What is the units digit of (-1029)/(9*(-5)/30)?
6
Let k(b) = -2*b**3 + b + 1. Let y be k(-3). Suppose 0 = -3*q + 5*p - 106, 2*q - p + 19 + 40 = 0. Let z = q + y. What is the units digit of z?
5
Let r(j) = 28*j + 114. What is the units digit of r(-4)?
2
Suppose -2*o + 3*o + 13 = 4*f, 5*f - 20 = 0. Let k = 11 + 10. What is the tens digit of (-12)/o + 1 + k?
1
Let u be -1 + -1 - (-3 + -1). Let j = u + 1. Suppose -4*d - j*v = 2 + 1, 10 = 5*d + v. What is the units digit of d?
3
Let v = 52 - -161. What is the hundreds digit of v?
2
Let q be (73 + -6)*(-1)/(-1). Let r be (5/2)/((-1)/(-14)). Let j = q - r. What is the tens digit of j?
3
Let l(a) = -a**3 + 4*a**2 + 6*a - 7. Let c be l(5). Let i be c*4/8 - -2. What is the tens digit of i*34*(-1)/(-2)?
1
Let f(h) = -4*h**2 - 5*h - 2. Let y be f(-1). Let l(s) = 134*s**2 - 3*s - 1. What is the hundreds digit of l(y)?
1
Let j = 688 + -379. Suppose -3*q + j = -5*u, 8*q - 4*q - 435 = -u. Suppose 0 = -3*y - 3*v + q, 0*y = 3*y - 3*v - 84. What is the tens digit of y?
3
Suppose -2*j + 96 = -0*o + 2*o, 3*j = -2*o + 148. What is the units digit of j?
2
Let a = -8 - -187. Let d = a - 94. What is the tens digit of d?
8
Let b be (-1 - 33) + 1 + 0. Let w = b - -37. Suppose -1 = -w*z + 3. What is the units digit of z?
1
Suppose 5938 = -19*z + 34837. What is the hundreds digit of z?
5
Suppose -5*t + b = -3*b - 409, -3*t + 244 = -b. Suppose 7*g = -2*g + t. Suppose 5*x + 92 = g*x. What is the tens digit of x?
2
Let g(s) = s**3 - 12*s**2 + 11*s + 5. Let k be g(11). Suppose -2*x + 18 = k*m - 19, -5*x + 3*m + 46 = 0. What is the tens digit of x?
1
Suppose 17 = -4*j + 45. Suppose j*p = -p + 112. What is the units digit of p?
4
Let x = -34 + 18. Let k(l) = -l**2 + 18*l - 91. Let o be k(9). Let t = o - x. What is the units digit of t?
6
Suppose -5*x + 0*p + 4*p - 9 = 0, x = 2*p + 3. Let c = x - -11. What is the units digit of c?
6
Suppose 4*t = -5*w + 350, -5*w - 4*t = -5*t - 350. What is the tens digit of w/6 + 2/(-3)?
1
What is the hundreds digit of (0 - 4)*(-158)/24*93?
4
Suppose s + 6160 = 11*s. Suppose 3*c - s = -c - 5*m, 4*c = -3*m + 624. What is the tens digit of c?
5
Suppose -23619 = -10*q + 16161. What is the thousands digit of q?
3
Let s be 2/(-4 + 2) - -82. Suppose n = s - 19. What is the units digit of n?
2
Let v be (7 + -3 + -4)/1. Suppose -7*b + b = v. Suppose 0 = 5*k - 5*x - b*x - 155, 10 = -2*x. What is the tens digit of k?
2
Suppose 0*h - h - 1298 = -5*z, 8 = 4*h. Suppose -5*x - 4*g + 584 = 0, -2*x + 2*g + z = -3*g. What is the units digit of x?
0
Let v(n) = -3*n - 32. Let f be v(0). Let s(i) = -i**3 + 8*i**2 - 6*i + 1. Let b be s(5). Let z = f + b. What is the tens digit of z?
1
Suppose -5*t + 16 = -g - 159, 0 = -5*t - 4*g + 150. Let o = t - 11. Let s = -16 + o. What is the units digit of s?
7
Let q be (16 + -1)/(-2 + 3). Let d be (1 - 0)*0 + 25. Suppose -2*n + q + d = 0. What is the units digit of n?
0
Suppose q + 2 - 1 = 0. What is the units digit of (50/(-30))/(0 + q/18)?
0
What is the hundreds digit of 240/(8/(-2) - (-70)/16)?
6
Suppose 6*q - 8*q + 1732 = u, -4*q + u + 3470 = 0. What is the hundreds digit of q?
8
Suppose 5*i - f = -0*f + 1099, -5*i - f = -1101. What is the hundreds digit of i?
2
Let a(t) = -t**2 - 17*t - 26. Let w be a(-15). Suppose -278 = -q - 0*q + w*s, 5*q - s = 1485. What is the units digit of q?
8
Suppose 2832 + 35571 = 9*r. What is the tens digit of r?
6
Let r be (2/(-8))/(1/(-4)). Let g(l) = l - r - 12*l + 2*l - 9*l. What is the units digit of g(-1)?
7
Let h = 1089 - 561. What is the hundreds digit of h?
5
Let w = 18 + -14. Suppose m - w = 8. What is the tens digit of m?
1
Suppose 3*u - 2589 = 7*s - 4*s, -2*u + 1711 = 3*s. What is the units digit of u?
0
Suppose 4 + 266 = -5*k - 4*b, b = -5*k - 255. What is the units digit of 0/(3/3) - k?
0
Let x = -62 + 1026. What is the units digit of x?
4
Let c = 2878 - 1433. What is the thousands digit of c?
1
Let f = 18 - 15. Suppose 3*w + 3*d = 13 - 4, -f*w + d = -5. Suppose 2*x - 27 = -x - 2*o, 5*o - 29 = -w*x. What is the units digit of x?
7
Suppose -221*w + 226*w - 4*c = 10240, 4113 = 2*w - 5*c. What is the hundreds digit of w?
0
Suppose 3*x - 463 = -5*a - 74, 0 = -5*x - 10. Let g = 135 - a. What is the units digit of g?
6
Suppose -1584 = 11*t - 21450. What is the hundreds digit of t?
8
Let k(l) = l**3 - 8*l**2 + 8*l - 3. Let x be k(7). Suppose 4*b + 5*u + 134 = 0, -2*b + x*u - 33 = 21. Let i = b + 74. What is the tens digit of i?
4
Suppose -2*j + 1278 = -h, 174 = -3*j + 4*h + 2086. What is the hundreds digit of j?
6
Suppose 1791 = 4*n - 3697. What is the tens digit of n?
7
Let k = -42 - -20. Let b = 24 + k. Suppose 0 = 4*r - 5*c - 22, 0 = -3*r - 3*c + b + 1. What is the units digit of r?
3
Let h(l) = 2*l**2 - 3*l - 9. Let o be h(-3). Suppose o*f + 248 = 19*f. What is the tens digit of f?
4
Suppose 0 = -5*c - 4*c + 10782. What is the thousands digit of c?
1
Let s = -7 + 6. Let y be s/(-2)*-2 - -3. Suppose -5*d = 5*c - 90, 2*d = 2*c + y*c - 42. What is the units digit of c?
3
Let g(q) = -5*q - 1. Let s be g(-2). Let f be s/(33/(-12) + 3). Let l = -13 + f. What is the tens digit of l?
2
Let j(t) = 3*t**2 + 47*t + 27. What is the hundreds digit of j(-19)?
2
Let v = 59 - 41. Suppose -157 = 4*f - y, f = -4*y - 0 - v. Let s = 82 + f. What is the tens digit of s?
4
Let g = 20 - 11. Let m(u) = u**2 - 8*u - 5. Let o be m(g). Suppose 50 = 2*s - o*x, -2*s + 5*x = -3*s + 4. What is the units digit of s?
9
Suppose 12 = 4*n - 2*t, -n = 3*n + 2*t - 12. Suppose 4*b - 204 = 2*s, -s - 41 = -b - n*s. What is the units digit of b?
9
Let v(l) = l**2 - 2*l - 10. Let z be v(4). Let r(a) = -6*a**3 - 3*a**2 - 4*a - 2. What is the tens digit of r(z)?
4
Suppose -151*p = -143*p - 10760. What is the hundreds digit of p?
3
Suppose -m = 4*m. Suppose w - 5*w = m. Suppose -p + 1 = w, -c + 15 = -0*c + 5*p. What is the tens digit of c?
1
Let t = 38 + -33. Suppose -187 = -t*c - 4*p, 32 = 3*c - 2*c - p. What is the units digit of c?
5
Suppose 4*l = 2*v - 10, 61 = 5*v - 0*l - l. Suppose -i - v + 54 = 0. What is the tens digit of i?
4
Let w = -59 - -33. Let u(n) = n**3 + 11*n**2 + 6*n + 18. Let o be u(-10). Let k = o + w. What is the units digit of k?
2
Let i(h) = 4*h**2 + 8*h - 60. What is the hundreds digit of i(14)?
8
Let i(s) = s**2 + 4*s + 3. Let h be i(-3). What is the units digit of (1 + h - -1)*(-996)/(-24)?
3
Let s = 34 - 33. Let t(y) = 34*y**3 - y**2 + 2*y - 1. What is the units digit of t(s)?
4
Suppose 3*l - 408 = -5*i, 4*i + 5*l - 320 = l. Suppose -58 = -2*t + i. What is the units digit of t?
1
Let b = 0 + 0. Suppose -6*m + 12 = -b*m. What is the units digit of (49/(-14))/(m/(-20))?
5
What is the tens digit of (2565/(-81) - (-4)/6)*-59?
2
Let j = 4071 - 2762. What is the units digit of j?
9
Let g be ((-5)/((-20)/(-